eatest common factor of 174192 and 176.
16
Calculate the highest common factor of 33 and 5100469.
11
Calculate the highest common factor of 5624 and 1684.
4
Calculate the highest common factor of 265380 and 1230.
30
Calculate the highest common divisor of 3192 and 1234088.
152
What is the greatest common factor of 61968 and 24?
24
What is the highest common factor of 134 and 398?
2
What is the greatest common divisor of 35 and 699258?
7
Calculate the highest common factor of 121 and 34111.
11
What is the greatest common divisor of 81830 and 490?
490
Calculate the greatest common factor of 440236 and 4.
4
What is the highest common factor of 3369718 and 3916?
1958
Calculate the highest common factor of 3768804 and 312.
156
Calculate the greatest common factor of 8 and 44636.
4
Calculate the highest common divisor of 27 and 137160.
27
What is the highest common divisor of 92 and 26800?
4
What is the greatest common factor of 49536 and 3168?
288
Calculate the highest common divisor of 3458358 and 36.
18
Calculate the greatest common factor of 1413 and 13973.
157
What is the greatest common divisor of 1217367 and 207?
207
Calculate the highest common factor of 7 and 125.
1
What is the highest common divisor of 651 and 69?
3
Calculate the greatest common divisor of 85348 and 760.
76
Calculate the highest common divisor of 3208 and 30075.
401
Calculate the greatest common factor of 106 and 2084649.
53
What is the greatest common divisor of 10649 and 23?
23
Calculate the highest common divisor of 3861 and 4953.
39
Calculate the highest common divisor of 220 and 1059124.
44
What is the highest common divisor of 26854 and 290?
58
What is the greatest common factor of 58 and 13514?
58
What is the greatest common divisor of 9768 and 6586?
74
Calculate the highest common factor of 15355 and 13135.
185
What is the highest common factor of 412 and 1068522?
206
What is the greatest common factor of 226734 and 18?
6
What is the greatest common factor of 2782 and 438272?
214
Calculate the highest common divisor of 5371 and 10291.
41
What is the greatest common factor of 4026 and 5742?
66
What is the greatest common divisor of 2254 and 8771?
49
What is the greatest common divisor of 150 and 507900?
150
Calculate the highest common divisor of 105 and 8715.
105
Calculate the greatest common factor of 161040 and 16500.
660
Calculate the greatest common factor of 75 and 3380775.
75
Calculate the highest common divisor of 27904 and 1024.
256
Calculate the highest common factor of 30967 and 895.
179
What is the greatest common factor of 32692 and 858?
22
What is the greatest common divisor of 49896 and 495?
99
What is the greatest common divisor of 3492 and 17388?
36
What is the greatest common divisor of 437 and 4579?
19
What is the highest common divisor of 110 and 96140?
110
What is the greatest common factor of 7367217 and 169?
169
What is the highest common divisor of 11025 and 4851?
441
What is the highest common divisor of 52 and 358293?
13
What is the highest common factor of 105200 and 1000?
200
What is the greatest common factor of 129610 and 640?
10
Calculate the greatest common divisor of 18382 and 52.
26
Calculate the greatest common factor of 7024 and 12.
4
Calculate the highest common divisor of 3648 and 14003.
19
Calculate the greatest common factor of 29588 and 156.
52
What is the greatest common factor of 562212 and 207?
207
Calculate the greatest common factor of 17110 and 1298.
118
What is the greatest common divisor of 32375 and 3367?
259
What is the highest common divisor of 9577 and 29036?
61
Calculate the highest common factor of 555 and 319495.
185
Calculate the highest common factor of 177295 and 236.
59
What is the highest common factor of 4998710 and 190?
190
Calculate the greatest common factor of 4329 and 10062.
117
What is the greatest common factor of 160201 and 5?
1
What is the highest common factor of 60 and 72690?
30
What is the greatest common factor of 24 and 322908?
12
Calculate the highest common divisor of 322 and 57822.
46
Calculate the greatest common factor of 1368 and 1494.
18
What is the greatest common factor of 4015 and 7975?
55
Calculate the highest common factor of 438449 and 253.
253
Calculate the greatest common divisor of 210 and 6581050.
70
Calculate the highest common factor of 4836 and 372.
372
What is the greatest common divisor of 150 and 88710?
30
Calculate the highest common divisor of 35669 and 5384.
673
What is the greatest common divisor of 808 and 236?
4
Calculate the greatest common divisor of 205258 and 1292.
34
Calculate the greatest common factor of 335481 and 1.
1
Calculate the greatest common factor of 502 and 25.
1
Calculate the greatest common divisor of 6 and 18303.
3
What is the greatest common factor of 90090 and 180?
90
What is the greatest common factor of 2795 and 12427?
43
Calculate the greatest common factor of 90412 and 140.
28
What is the greatest common factor of 11568 and 32352?
48
What is the greatest common divisor of 1536 and 585456?
48
What is the greatest common divisor of 497 and 492811?
71
Calculate the greatest common factor of 6730 and 95.
5
Calculate the greatest common factor of 8990 and 279.
31
What is the greatest common divisor of 2094 and 1386926?
698
Calculate the greatest common divisor of 92986 and 4579.
19
Calculate the highest common factor of 618 and 256779.
309
What is the highest common divisor of 450537 and 158?
79
Calculate the highest common factor of 3152820 and 102.
102
What is the highest common divisor of 66 and 72116?
22
What is the greatest common divisor of 513550 and 450?
50
Calculate the greatest common factor of 35 and 208705.
35
Calculate the greatest common divisor of 579657 and 356.
89
Calculate the greatest common factor of 28136 and 328.
8
Calculate the highest common factor of 580784 and 96.
16
Calculate the greatest common factor of 18726 and 12.
6
Calculate the highest common divisor of 626722 and 68.
34
What is the greatest common factor of 82761 and 16327?
563
Calculate the highest common divisor of 6048 and 2052.
108
What is the greatest common factor of 141 and 300941?
47
What is the highest common divisor of 2188802 and 16104?
1342
What is the greatest common divisor of 100032 and 84?
12
What is the greatest common factor of 90 and 326790?
90
What is the highest common divisor of 546 and 4494?
42
What is the greatest common divisor of 315 and 2194605?
315
Calculate the highest common divisor of 1530 and 105678.
18
What is the highest common factor of 357 and 784329?
357
Calculate the greatest common divisor of 64 and 84400.
16
Calculate the greatest common factor of 16 and 962624.
16
What is the highest common factor of 4979 and 533?
13
Calculate the highest common factor of 122913 and 882.
63
What is the greatest common divisor of 156 and 493844?
52
Calculate the greatest common factor of 27359 and 218.
109
Calculate the greatest common factor of 81322 and 8030.
146
What is the greatest common factor of 36155 and 35?
35
Calculate the highest common factor of 68800 and 1000.
200
What is the highest common factor of 2596570 and 15?
5
Calculate the highest common divisor of 105 and 35560.
35
What is the greatest common factor of 88761 and 3?
3
What is the highest common factor of 438528 and 1408?
128
Calculate the highest common divisor of 52 and 30728.
4
What is the greatest common factor of 259 and 3227?
7
Calculate the greatest common divisor of 3097 and 6683.
163
Calculate the greatest common divisor of 25871 and 1312.
41
What is the highest common divisor of 1448 and 1325644?
724
Calculate the highest common divisor of 38602 and 22.
2
What is the highest common factor of 75682 and 474?
158
What is the greatest common factor of 675 and 7305?
15
Calculate the highest common divisor of 870 and 84570.
30
What is the highest common divisor of 2143219 and 741?
247
What is the greatest common divisor of 3951459 and 603?
603
What is the highest common factor of 59876 and 8?
4
What is the highest common factor of 25935 and 3315?
195
What is the highest common divisor of 604 and 56?
4
What is the highest common factor of 99650 and 225?
25
Calculate the greatest common divisor of 64 and 46064.
16
Calculate the highest common factor of 3656 